{"id":25407,"date":"2026-04-22T00:19:27","date_gmt":"2026-04-22T04:19:27","guid":{"rendered":"https:\/\/theacademylaacademia.org\/home\/"},"modified":"2026-08-27T01:06:11","modified_gmt":"2026-08-27T05:06:11","slug":"home","status":"publish","type":"page","link":"https:\/\/theacademylaacademia.org\/es\/","title":{"rendered":"Inicio"},"content":{"rendered":"<p><!-- HERO --><\/p>\n<div class=\"hero-section\">\n<div class=\"hero-overlay\">\n<h1>The Academy | La Academia<\/h1>\n<h2>Educaci\u00f3n accesible. Est\u00e1ndares significativos. Crecimiento real.<\/h2>\n<p>The Academy | La Academia is built on the Soto Integration Model and expressed through integrated disciplines including communication, music and creative expression, language and cultural integration, and professional and leadership development.<\/p>\n<p>Desarrolle su voz, fortalezca su comunicaci\u00f3n, adquiera habilidades pr\u00e1cticas y avance mediante una ense\u00f1anza estructurada para la vida real.<\/p>\n<p><strong>La ense\u00f1anza principal de oto\u00f1o comienza el 14 de septiembre de 2026.<\/strong><\/p>\n<div class=\"hero-buttons\">\n      <a href=\"\/es\/programs\/\" class=\"btn-primary\">Explorar programas<\/a><br \/>\n      <a href=\"\/es\/admissions\/apply\/\" class=\"btn-secondary\">Iniciar registro<\/a>\n    <\/div>\n<p>S\u00ed, usted puede.<\/p>\n<\/p><\/div>\n<\/div>\n<p><!-- PATHWAY SECTION --><\/p>\n<div style=\"text-align:center;margin:50px 0;padding:0 24px;\">\n<h2>Elija su camino<\/h2>\n<p style=\"margin-bottom:25px;\">Explore programas estructurados para el aprendizaje pr\u00e1ctico y un crecimiento significativo.<\/p>\n<p>  <a href=\"\/es\/programs\/\" style=\"display:inline-block;margin:10px;padding:14px 26px;background:#1e73be;color:#fff;border-radius:6px;text-decoration:none;\">Explorar programas<\/a><br \/>\n  <a href=\"\/es\/admissions\/apply\/\" style=\"display:inline-block;margin:10px;padding:14px 26px;background:#6b7280;color:#fff;border-radius:6px;text-decoration:none;\">Iniciar registro<\/a>\n<\/div>\n<p><!-- VIDEO --><\/p>\n<div class=\"section video-section\">\n<h2>Vea la Academia en acci\u00f3n<\/h2>\n<div style=\"display:grid;grid-template-columns:repeat(auto-fit,minmax(260px,1fr));gap:24px;\">\n<div>\n<h3>Espa\u00f1ol<\/h3>\n<div class=\"video-wrapper\"><iframe src=\"https:\/\/www.youtube.com\/embed\/q_uj7G4bLqc\" title=\"La Academia \u2014 Desarrollo para la Vida Real\" allowfullscreen><\/iframe><\/div>\n<\/div>\n<div>\n<h3>Portugu\u00eas (Brasil)<\/h3>\n<div class=\"video-wrapper\"><iframe src=\"https:\/\/www.youtube.com\/embed\/ErL3FEKDOeQ\" title=\"A Academia \u2014 Desenvolvimento para a Vida Real\" allowfullscreen><\/iframe><\/div>\n<\/div>\n<div>\n<h3>Ingl\u00e9s<\/h3>\n<div class=\"video-wrapper\"><iframe src=\"https:\/\/www.youtube.com\/embed\/DaNU-fZgH_k\" title=\"The Academy \u2014 Development for Real Life\" allowfullscreen><\/iframe><\/div>\n<\/div><\/div>\n<\/div>\n<p><!-- LEARNING APPROACH --><\/p>\n<div class=\"section learning-section\">\n<div class=\"learning-content\">\n<div class=\"text\">\n<h2>Nuestro enfoque de aprendizaje<\/h2>\n<p>\n        Capacitaci\u00f3n estructurada. Aplicaci\u00f3n en el mundo real. Desarrollo continuo.<br \/>\n        Cada programa est\u00e1 dise\u00f1ado para ir m\u00e1s all\u00e1 de la teor\u00eda y producir un crecimiento pr\u00e1ctico y medible.\n      <\/p>\n<p>      <a href=\"\/es\/programs\/\" class=\"btn-primary\">Ver programa<\/a>\n    <\/div>\n<div class=\"image\">\n      <img decoding=\"async\" src=\"https:\/\/theacademylacademia.org\/wp-content\/uploads\/2026\/04\/Classroom14.jpg\" alt=\"Classroom14\" title=\"Inicio\">\n    <\/div>\n<\/p><\/div>\n<\/div>\n<p><!-- PROGRAM CARDS --><\/p>\n<div class=\"section programs\">\n<div class=\"program-grid\">\n<div class=\"card\">\n<h3>M\u00fasica y Voz<\/h3>\n<p>Desarrolle la voz, la formaci\u00f3n musical, la expresi\u00f3n y habilidades pr\u00e1cticas de interpretaci\u00f3n mediante una ense\u00f1anza estructurada.<\/p>\n<p>      <a href=\"\/es\/programs\/music-voice\/\" class=\"btn-link\">View Program<\/a><br \/>\n      <button class=\"btn-primary\" onclick=\"location.href='\/admissions\/apply\/'\">Iniciar registro<\/button>\n    <\/div>\n<div class=\"card\">\n<h3>Idiomas y Desarrollo Profesional<\/h3>\n<p>Fortalezca el ingl\u00e9s, la comunicaci\u00f3n multiling\u00fce y las habilidades profesionales para el trabajo, la educaci\u00f3n y la vida cotidiana.<\/p>\n<p>      <a href=\"\/es\/programs\/language-professional-development\/\">View Program<\/a><br \/>\n      <button onclick=\"location.href='\/admissions\/apply\/'\">Iniciar registro<\/button>\n    <\/div>\n<div class=\"card\">\n<h3>Negocios, Tecnolog\u00eda y Medios<\/h3>\n<p>Desarrolle habilidades pr\u00e1cticas en negocios, tecnolog\u00eda, herramientas digitales, medios y producci\u00f3n aplicada.<\/p>\n<p>      <a href=\"\/es\/audio-video\/\">View Program<\/a><br \/>\n      <button onclick=\"location.href='\/admissions\/apply\/'\">Iniciar registro<\/button>\n    <\/div>\n<\/p><\/div>\n<\/div>\n<p><!-- DIFFERENT --><\/p>\n<div class=\"section center\">\n<h2>Lo que nos distingue<\/h2>\n<p>\n    Formamos para entornos reales, no solo para conceptos.<br \/>\n    Cada programa integra ense\u00f1anza, aplicaci\u00f3n y retroalimentaci\u00f3n.\n  <\/p>\n<\/div>\n<p><!-- FINAL CTA --><\/p>\n<div class=\"section center\">\n<h2>INICIE SU REGISTRO<\/h2>\n<p>D\u00edganos qu\u00e9 desea estudiar y c\u00f3mo prefiere aprender. Servicios Estudiantiles revisar\u00e1 su informaci\u00f3n y le ayudar\u00e1 a identificar el programa, la modalidad y el pr\u00f3ximo paso apropiados.<\/p>\n<p>Enviar el formulario inicia el proceso de registro; no confirma por s\u00ed mismo la matr\u00edcula.<\/p>\n<p>  <a href=\"\/es\/admissions\/apply\/\" class=\"btn-primary\">Iniciar registro<\/a>\n<\/div>","protected":false},"excerpt":{"rendered":"<p>THE ACADEMY | LA ACADEMIA Accessible education. Meaningful standards. Real growth. The Academy | La Academia is built on the Soto Integration Model and expressed through integrated disciplines including communication, music and creative expression, language and cultural integration, and professional and leadership development. Develop your voice, strengthen your communication, build practical skills, and move forward [&hellip;]<\/p>\n","protected":false},"author":1,"featured_media":0,"parent":0,"menu_order":0,"comment_status":"closed","ping_status":"closed","template":"","meta":{"_uag_custom_page_level_css":"","site-sidebar-layout":"no-sidebar","site-content-layout":"plain-container","ast-site-content-layout":"full-width-container","site-content-style":"unboxed","site-sidebar-style":"unboxed","ast-global-header-display":"","ast-banner-title-visibility":"","ast-main-header-display":"","ast-hfb-above-header-display":"","ast-hfb-below-header-display":"","ast-hfb-mobile-header-display":"","site-post-title":"disabled","ast-breadcrumbs-content":"","ast-featured-img":"disabled","footer-sml-layout":"","ast-disable-related-posts":"","theme-transparent-header-meta":"default","adv-header-id-meta":"","stick-header-meta":"","header-above-stick-meta":"","header-main-stick-meta":"","header-below-stick-meta":"","astra-migrate-meta-layouts":"set","ast-page-background-enabled":"default","ast-page-background-meta":{"desktop":{"background-color":"","background-image":"","background-repeat":"repeat","background-position":"center center","background-size":"auto","background-attachment":"scroll","background-type":"","background-media":"","overlay-type":"","overlay-color":"","overlay-opacity":"","overlay-gradient":""},"tablet":{"background-color":"","background-image":"","background-repeat":"repeat","background-position":"center center","background-size":"auto","background-attachment":"scroll","background-type":"","background-media":"","overlay-type":"","overlay-color":"","overlay-opacity":"","overlay-gradient":""},"mobile":{"background-color":"","background-image":"","background-repeat":"repeat","background-position":"center center","background-size":"auto","background-attachment":"scroll","background-type":"","background-media":"","overlay-type":"","overlay-color":"","overlay-opacity":"","overlay-gradient":""}},"ast-content-background-meta":{"desktop":{"background-color":"var(--ast-global-color-4)","background-image":"","background-repeat":"repeat","background-position":"center center","background-size":"auto","background-attachment":"scroll","background-type":"","background-media":"","overlay-type":"","overlay-color":"","overlay-opacity":"","overlay-gradient":""},"tablet":{"background-color":"var(--ast-global-color-4)","background-image":"","background-repeat":"repeat","background-position":"center center","background-size":"auto","background-attachment":"scroll","background-type":"","background-media":"","overlay-type":"","overlay-color":"","overlay-opacity":"","overlay-gradient":""},"mobile":{"background-color":"var(--ast-global-color-4)","background-image":"","background-repeat":"repeat","background-position":"center center","background-size":"auto","background-attachment":"scroll","background-type":"","background-media":"","overlay-type":"","overlay-color":"","overlay-opacity":"","overlay-gradient":""}},"footnotes":""},"class_list":["post-25407","page","type-page","status-publish","hentry"],"_hostinger_reach_plugin_has_subscription_block":false,"_hostinger_reach_plugin_is_elementor":false,"uagb_featured_image_src":{"full":false,"thumbnail":false,"medium":false,"medium_large":false,"large":false,"1536x1536":false,"2048x2048":false,"trp-custom-language-flag":false},"uagb_author_info":{"display_name":"barrio.inc.ops@gmail.com","author_link":"https:\/\/theacademylaacademia.org\/es\/author\/barrio-inc-opsgmail-com\/"},"uagb_comment_info":0,"uagb_excerpt":"THE ACADEMY | LA ACADEMIA Accessible education. Meaningful standards. Real growth. The Academy | La Academia is built on the Soto Integration Model and expressed through integrated disciplines including communication, music and creative expression, language and cultural integration, and professional and leadership development. Develop your voice, strengthen your communication, build practical skills, and move forward&hellip;","jetpack_sharing_enabled":true,"_links":{"self":[{"href":"https:\/\/theacademylaacademia.org\/es\/wp-json\/wp\/v2\/pages\/25407","targetHints":{"allow":["GET"]}}],"collection":[{"href":"https:\/\/theacademylaacademia.org\/es\/wp-json\/wp\/v2\/pages"}],"about":[{"href":"https:\/\/theacademylaacademia.org\/es\/wp-json\/wp\/v2\/types\/page"}],"author":[{"embeddable":true,"href":"https:\/\/theacademylaacademia.org\/es\/wp-json\/wp\/v2\/users\/1"}],"replies":[{"embeddable":true,"href":"https:\/\/theacademylaacademia.org\/es\/wp-json\/wp\/v2\/comments?post=25407"}],"version-history":[{"count":30,"href":"https:\/\/theacademylaacademia.org\/es\/wp-json\/wp\/v2\/pages\/25407\/revisions"}],"predecessor-version":[{"id":27797,"href":"https:\/\/theacademylaacademia.org\/es\/wp-json\/wp\/v2\/pages\/25407\/revisions\/27797"}],"wp:attachment":[{"href":"https:\/\/theacademylaacademia.org\/es\/wp-json\/wp\/v2\/media?parent=25407"}],"curies":[{"name":"wp","href":"https:\/\/api.w.org\/{rel}","templated":true}]}}

<p><!-- HERO --></p>
<div class="hero-section">
<div class="hero-overlay">
<h1>The Academy | La Academia</h1>
<h2>Educación accesible. Estándares significativos. Crecimiento real.</h2>
<p>The Academy | La Academia is built on the Soto Integration Model and expressed through integrated disciplines including communication, music and creative expression, language and cultural integration, and professional and leadership development.</p>
<p>Desarrolle su voz, fortalezca su comunicación, adquiera habilidades prácticas y avance mediante una enseñanza estructurada para la vida real.</p>
<p><strong>La enseñanza principal de otoño comienza el 14 de septiembre de 2026.</strong></p>
<div class="hero-buttons">
      <a href="/es/programs/" class="btn-primary">Explorar programas</a><br />
      <a href="/es/admissions/apply/" class="btn-secondary">Iniciar registro</a>
    </div>
<p>Sí, usted puede.</p>
</p></div>
</div>
<p><!-- PATHWAY SECTION --></p>
<div style="text-align:center;margin:50px 0;padding:0 24px;">
<h2>Elija su camino</h2>
<p style="margin-bottom:25px;">Explore programas estructurados para el aprendizaje práctico y un crecimiento significativo.</p>
<p>  <a href="/es/programs/" style="display:inline-block;margin:10px;padding:14px 26px;background:#1e73be;color:#fff;border-radius:6px;text-decoration:none;">Explorar programas</a><br />
  <a href="/es/admissions/apply/" style="display:inline-block;margin:10px;padding:14px 26px;background:#6b7280;color:#fff;border-radius:6px;text-decoration:none;">Iniciar registro</a>
</div>
<p><!-- VIDEO --></p>
<div class="section video-section">
<h2>Vea la Academia en acción</h2>
<div style="display:grid;grid-template-columns:repeat(auto-fit,minmax(260px,1fr));gap:24px;">
<div>
<h3>Español</h3>
<div class="video-wrapper"><iframe src="https://www.youtube.com/embed/q_uj7G4bLqc" title="La Academia — Desarrollo para la Vida Real" allowfullscreen></iframe></div>
</div>
<div>
<h3>Português (Brasil)</h3>
<div class="video-wrapper"><iframe src="https://www.youtube.com/embed/ErL3FEKDOeQ" title="A Academia — Desenvolvimento para a Vida Real" allowfullscreen></iframe></div>
</div>
<div>
<h3>Inglés</h3>
<div class="video-wrapper"><iframe src="https://www.youtube.com/embed/DaNU-fZgH_k" title="The Academy — Development for Real Life" allowfullscreen></iframe></div>
</div></div>
</div>
<p><!-- LEARNING APPROACH --></p>
<div class="section learning-section">
<div class="learning-content">
<div class="text">
<h2>Nuestro enfoque de aprendizaje</h2>
<p>
        Capacitación estructurada. Aplicación en el mundo real. Desarrollo continuo.<br />
        Cada programa está diseñado para ir más allá de la teoría y producir un crecimiento práctico y medible.
      </p>
<p>      <a href="/es/programs/" class="btn-primary">Ver programa</a>
    </div>
<div class="image">
      <img decoding="async" src="https://theacademylacademia.org/wp-content/uploads/2026/04/Classroom14.jpg" alt="Classroom14" title="Inicio">
    </div>
</p></div>
</div>
<p><!-- PROGRAM CARDS --></p>
<div class="section programs">
<div class="program-grid">
<div class="card">
<h3>Música y Voz</h3>
<p>Desarrolle la voz, la formación musical, la expresión y habilidades prácticas de interpretación mediante una enseñanza estructurada.</p>
<p>      <a href="/es/programs/music-voice/" class="btn-link">View Program</a><br />
      <button class="btn-primary" onclick="location.href='/admissions/apply/'">Iniciar registro</button>
    </div>
<div class="card">
<h3>Idiomas y Desarrollo Profesional</h3>
<p>Fortalezca el inglés, la comunicación multilingüe y las habilidades profesionales para el trabajo, la educación y la vida cotidiana.</p>
<p>      <a href="/es/programs/language-professional-development/">View Program</a><br />
      <button onclick="location.href='/admissions/apply/'">Iniciar registro</button>
    </div>
<div class="card">
<h3>Negocios, Tecnología y Medios</h3>
<p>Desarrolle habilidades prácticas en negocios, tecnología, herramientas digitales, medios y producción aplicada.</p>
<p>      <a href="/es/audio-video/">View Program</a><br />
      <button onclick="location.href='/admissions/apply/'">Iniciar registro</button>
    </div>
</p></div>
</div>
<p><!-- DIFFERENT --></p>
<div class="section center">
<h2>Lo que nos distingue</h2>
<p>
    Formamos para entornos reales, no solo para conceptos.<br />
    Cada programa integra enseñanza, aplicación y retroalimentación.
  </p>
</div>
<p><!-- FINAL CTA --></p>
<div class="section center">
<h2>INICIE SU REGISTRO</h2>
<p>Díganos qué desea estudiar y cómo prefiere aprender. Servicios Estudiantiles revisará su información y le ayudará a identificar el programa, la modalidad y el próximo paso apropiados.</p>
<p>Enviar el formulario inicia el proceso de registro; no confirma por sí mismo la matrícula.</p>
<p>  <a href="/es/admissions/apply/" class="btn-primary">Iniciar registro</a>
</div>
